*w - 2*q = 6 + 14, 0 = -3*w + q + y. What is the units digit of w?
8
Suppose 0 = 5*m - 4*c - 220, 4*m - 176 = -6*c + c. What is the tens digit of m?
4
Suppose -66 = -5*h - 3*n, 3*h - 2*n - 8 = 43. Let p = h + -5. What is the units digit of p?
0
Let s be 1/((1/(-2))/(-1)). Let l = -2 + s. Suppose -4 = -4*v - l. What is the units digit of v?
1
Let y(l) = l - 2. Let i be y(-5). Let t = 10 + i. What is the units digit of t?
3
Let r = 35 - 22. Suppose 3*w - 17 = o, 4*o = 3*w - 2*w - r. What is the units digit of w?
5
Let t(q) be the first derivative of -q**4/4 - 8*q**3/3 - 9*q**2/2 - 1. Suppose 10 = -3*h - 11. What is the tens digit of t(h)?
1
Suppose -v = -0*v - 2. What is the units digit of v?
2
Suppose -3*s = -6*n + 5*n - 52, s = 5*n + 22. Let o = 29 - s. What is the units digit of o?
2
Let d(o) = o**3 + 6*o**2 - o - 2. Let z be d(-6). What is the units digit of z/(-14) - 264/(-42)?
6
Suppose 3*m - 223 - 50 = -3*c, 452 = 5*m + 2*c. What is the tens digit of m?
9
Let q = 18 - -5. What is the tens digit of q?
2
Let d(m) = -m**2 + 3*m + 12. Let t be d(5). Suppose -z - 90 = -4*h + 21, 0 = 3*h - t*z - 82. What is the tens digit of h?
2
Suppose 2*h - 10 = -2*p, -3*h = 4*p - 1 - 17. Suppose 42 = p*v - 12. What is the units digit of v?
8
Let t be -5*(-3)/6*2. Suppose -n + 6 = t. What is the units digit of n?
1
Let j(r) = r**3 + 7*r**2 - 7*r + 3. Let l be j(-8). Let a = 21 + l. What is the units digit of a/3 + (-4)/(-6)?
6
Suppose -8 - 2 = -5*r. Suppose -3*z = -z - m - 23, 0 = -r*z - 5*m + 29. What is the tens digit of z?
1
Let s be (-5)/1 + 1 + -2. Let o be (-6)/((16/s)/4). Suppose -4*l = -5*u - o, 6*l - l - 5*u - 15 = 0. What is the units digit of l?
6
Let p(b) = -b**3 - 4*b**2 - b + 6. What is the tens digit of p(-5)?
3
Let p(y) = y + 58. What is the tens digit of p(0)?
5
Let a be (-3)/12 - 138/(-8). Let x = -10 + a. What is the units digit of x?
7
Let j(n) = n**2 + 11*n + 7. Let q be j(-8). Let k = -7 - q. What is the units digit of k?
0
Let g be 4*1 - (-8)/(-4). Suppose g*i = -8, 4*i = -7*c + 2*c - 1. What is the units digit of c?
3
Let t = 37 + -26. Let b = t + -6. Suppose 4*g - 4*s - 20 = 0, -3*g + 10*s - b*s = -7. What is the units digit of g?
9
Let i be (-38)/(-8) + 9/(-12). Suppose -v = -2*s - 27 + 2, -2*v - i*s + 10 = 0. What is the tens digit of v?
1
Suppose 3*m - 24 = m. Suppose h - m + 3 = 0. What is the units digit of 4 - 3/h*3?
3
Let a be (208/10)/((-6)/(-15)). Suppose 29 = 3*g - a. What is the tens digit of g?
2
Suppose 0 = -3*a - 2*a + 505. What is the hundreds digit of a?
1
Suppose -3*a = 28 - 286. What is the units digit of a?
6
Suppose -2*y - y = -381. What is the tens digit of y?
2
What is the tens digit of 30*((-9)/6 - 39/(-18))?
2
Suppose 4 + 72 = 4*z. What is the units digit of z?
9
Suppose -2*y = -8*y + 54. What is the units digit of y?
9
Let g = -10 - -7. Let d = -1 - g. Suppose 3*q - 2*o = 2*q, q = -d*o + 12. What is the units digit of q?
6
Suppose -4*c = -c - 3*f - 3, 2*c = f + 6. Suppose -c*v + 15 = -2*v. Suppose -6 = -v*x + 4. What is the units digit of x?
2
Let z(b) = -b**2 - 18*b - 18. What is the tens digit of z(-16)?
1
Suppose 0 = -13*a + 7*a + 1398. What is the tens digit of a?
3
Let k be 23 + 0*4/8. Suppose -57 = -4*c + k. What is the tens digit of c?
2
What is the hundreds digit of ((-432)/15)/(1/(-5))?
1
Suppose -2*j - 12 = -6*j. Let n = j + 15. Suppose 0 = z + 4*x + n, -z = -5*x - 0*x - 27. What is the units digit of z?
2
Let l(q) = q**3 + 3*q**2 + 2*q + 2. Let k be l(-3). Let s = -3 - -10. Let z = k + s. What is the units digit of z?
3
Let k = 4 - -21. Let z = 35 - k. What is the tens digit of z?
1
Let z(b) = 10*b - 5. What is the units digit of z(2)?
5
Let w be 4/4 + 4 + -1. Let v = 7 - w. Let u(h) = -h**3 + 5*h**2 - 5*h + 2. What is the units digit of u(v)?
5
Suppose 92 + 19 = 3*v. Let c = v - -1. What is the units digit of c?
8
Suppose -416 = -4*t + 132. What is the units digit of t?
7
Suppose 2*m = -2*g + 320, 5*g + 473 + 337 = 5*m. What is the hundreds digit of m?
1
Let f be (-2)/(-4) + (-18)/(-12). Let i = f + 0. Suppose q = -i + 4. What is the units digit of q?
2
Let u(g) = -g**3 - 8*g**2 + 8*g + 3. Let n(h) = -10*h**2 - 2*h - 1. Let i(t) = -t**2 - 3*t - 1. Let p be i(-3). Let d be n(p). What is the tens digit of u(d)?
1
Let m(w) = 2*w**2 + 4*w + 2. Let a be m(-2). Suppose -z = -3*c - 1, -4*z = a*c - c - 56. What is the tens digit of z?
1
Let j(c) = -c**3. Let d be j(0). Let o be ((-8)/(-10) + d)*5. What is the units digit of (3 + -1 + -1)*o?
4
Let s(t) = -2*t**2 - 5*t - 4. Let m be s(-6). Suppose -4*n - 6*d - 143 = -d, -3*n + 5*d = 81. Let i = n - m. What is the tens digit of i?
1
Let t be 1*(-2)/4*-12. Let c(m) = 3*m - 2. What is the tens digit of c(t)?
1
Suppose 0 = -7*v + 6*v. Let g = 5 - -11. Suppose 3*z + 1 - g = v. What is the units digit of z?
5
Suppose 2*q = -h + 37, 5*h - 1 = 2*q - 8. Suppose -3*n - n = -q. Suppose -5*v + n*v = -11. What is the units digit of v?
1
Suppose 3*g - 3*l = 345, 4*l + 8 = 2*l. Suppose 2*n = 5*k - g, 4*k + 4*n - 72 = -0*k. What is the units digit of k?
1
What is the tens digit of (0 - 0) + 42/1?
4
Suppose -3*p + 31 - 7 = 0. What is the units digit of p?
8
Let w = -5 + 11. What is the units digit of ((-132)/(-55))/(w/20)?
8
Let k = -50 - -72. Let f(c) = c**3 - 2*c**2 + 3*c - 2. Let o be f(2). Suppose -2*b = -k - o. What is the tens digit of b?
1
Suppose 13*x = 14*x - 75. Suppose 49 = 4*r - x. What is the units digit of r?
1
Suppose -25 = -k - 0*k + 2*v, 5*k = -5*v + 80. Let g = 10 - k. What is the units digit of (-4)/(-6) + (-48)/g?
6
Suppose 0 = h + 6 + 25. Let t = 66 + h. Let p = t - 18. What is the units digit of p?
7
Suppose -2*j + 5*s = -6*j - 84, -5*s - 21 = j. Let x = -50 - -166. What is the units digit of 6/j - x/(-14)?
8
Let z = -36 + 64. Suppose 0 = 4*f + 4*a - z - 16, 3*a = 12. What is the units digit of f?
7
Suppose -2*q - 34 = -4*q. Suppose 5*o - 23 = q. Suppose -3*l = -o*l + 35. What is the units digit of l?
7
Let m(u) = -u**3 + 9*u**2 + u - 9. Let k(i) = -i**3 + 5*i**2 - 3*i + 5. Let h be k(4). Let y be m(h). Suppose 3 = -y*r + 3*r. What is the units digit of r?
1
Let i(j) = j - 2. Let z(b) = b**3 + 4*b**2 - 2*b - 3. Let v be z(-4). What is the units digit of i(v)?
3
Let t be (7/(-7))/((-1)/4). Suppose 52 = t*i - 44. What is the tens digit of i?
2
Let n = 11 + -7. Suppose 7*g = 2*g + 50. Suppose -n + g = 2*j. What is the units digit of j?
3
Let f = -4 + 4. Let v(a) = a**2 + 5. Let w be v(f). Suppose -3*r - 3*m + 18 = 0, 3*r + w*m + 0*m - 14 = 0. What is the units digit of r?
8
Suppose 4 = f - 0. Suppose -4*i - f*n = -8, 3 = 5*i - n - 1. What is the units digit of ((-3)/9 - i)*-3?
4
Suppose 4*b = 0, o = 2*o + 5*b - 6. What is the units digit of o?
6
Suppose 7*x - 10 = 2*x. Suppose x*a = -a + 18. What is the units digit of a?
6
Suppose 23*u - 26*u + 228 = 0. What is the tens digit of u?
7
Suppose 5*t - 7 = 33. Let n = 18 - t. What is the units digit of n/(0 - (2 - 4))?
5
Let v = 19 - 16. Suppose -8 = -2*i, -i - 11 = -v*a + 9. What is the units digit of a?
8
Let l(x) = 4*x**2 + 2*x + 9. Let w(n) = n**2 - n + 1. Let m(o) = l(o) - 3*w(o). Suppose -4*c = 20 - 4. What is the units digit of m(c)?
2
Let a be (1 + -2)/(1/5). Let p(u) = u**2 + 6*u + 7. Let m be p(a). Suppose 3*z - 20 = -m*z. What is the units digit of z?
4
Suppose -5*v - 2*k + 290 = 0, 5*v - 3*v = -5*k + 95. What is the units digit of v?
0
Suppose -i = -h - 44 + 4, -4*i + 5*h = -156. Suppose 6*a - 4*a = i. What is the units digit of a?
2
Let f be (2/4)/((-6)/36). Let o be f/(-9)*(5 + 1). Suppose o*v + 2*n - n = 19, 2*v = 5*n + 1. What is the units digit of v?
8
Let d = -32 - -57. Let s = -17 + d. What is the units digit of s?
8
Let d(v) = 3*v - 3. Suppose -2*g - 20 = -3*u - u, 0 = u + 2*g. What is the units digit of d(u)?
9
Let n = 3 - -4. Let j = 2 + n. What is the units digit of j?
9
Let p(r) = -4*r - 3 + 2 - 2 + 1. Let f be p(-2). Suppose 3*a - 32 = t, a + f = -6*t + 3*t. What is the units digit of a?
9
Let v = 11 + -15. Let z = v + 6. What is the tens digit of 9 + (4 - (5 - z))?
1
Let f be ((-3)/(-2))/(6/8). Let z be 2 + 0 + -1 + f. Suppose 2*a - 3*p = 15, 0 = -z*a - 4*p + 8 + 6. What is the units digit of a?
6
Suppose 0*c + 52 = -4*c. Let l = -9 - c. Suppose 5 = -0*r + 5*r, l*p = -r + 41. Wha